1 - -1) + -3).
-7
Calculate -15 + 14 + (-1 - 0 - 3).
-5
What is the value of 18 - 15 - (-4 + -4 + 3)?
8
Evaluate -3 - -1 - (20 - 22).
0
-3 - (-6 + (9 - -1))
-7
What is -7 + 0 + 4 - -7?
4
Evaluate 1 + 9 - (18 + -13).
5
What is 2 + (7 - 15) + 4?
-2
What is (-15 - (-2 - 3)) + 5?
-5
Evaluate -1 - (1 + -4 + 2).
0
What is the value of 1 + -4 + 3 + -3 + 4?
1
Evaluate 3 + (-12 - -9) + -2.
-2
What is the value of (-3 - -34) + -13 + -15?
3
What is the value of -8 - 0 - (-30 + 21)?
1
What is -2 + 1 + 2 + -4 + -2?
-5
What is the value of 3 - (0 - 2 - -2) - 1?
2
Evaluate -1 + 1 - (9 + -13).
4
What is 6 + -2 + -6 - (-1 - -1)?
-2
What is 3 + -10 + (-1 - -3)?
-5
What is -3 + (-2 - (1 + -9)) - -1?
4
What is -17 + (-4 - -11) + -2 + 10?
-2
1 - 1 - (-44 - -45)
-1
-2 - ((4 - 15) + 5)
4
-8 - (-11 + 7 + -6)
2
Evaluate (4 - 6) + 1 + -1.
-2
What is the value of -6 + 2 + -2 + 6?
0
(0 - -1) + (-6 - -4) + 1
0
What is (-10 - 0) + (-1 + 8 - 3)?
-6
What is the value of 3 - (0 - (-4 - (2 + -1)))?
-2
8 + 1 - (5 + 2)
2
What is the value of -1 + -3 - (13 - 13)?
-4
3 - (-10 + 6 - -3)
4
6 - (-4 + (8 - 2)) - 6
-2
What is 1 - (18 + -9 - 6)?
-2
13 - (-5 + -2 - -12)
8
1 - 5 - (-17 - -12)
1
Calculate -8 + (7 - 3) + -2 - -2.
-4
Calculate (0 - 12) + 243 + -240.
-9
Evaluate 1 + (24 - 19 - (-1 - -7)).
0
What is the value of 4 + -2 + (5 - 5) + -7?
-5
What is the value of -1 - (9 + 3) - -7?
-6
Calculate (-1 - -1 - (7 + -10)) + 0.
3
What is 0 + 0 + -4 + 4?
0
Evaluate 28 + -28 - (-1 - 1) - 1.
1
Evaluate -43 - -46 - (0 + 0 + 4).
-1
(1 - 9) + (-4 - -15)
3
4 - -1 - ((2 - -9) + -8)
2
What is the value of (2 - (-3 + 1)) + (1 - 2)?
3
Calculate 2 + -6 + -1 + -2 - -2.
-5
What is the value of -5 - 5 - (-7 + 1)?
-4
(6 - (5 + -3)) + 3 + -6
1
What is the value of 3 + 2 + (5 - 5)?
5
What is the value of -6 - 1 - (10 - 7)?
-10
What is 4 - -2 - (0 + 0 + 7)?
-1
Calculate -9 + 10 - (4 - 0).
-3
(8 - 4) + (5 - (-3 - -14))
-2
Calculate -1 + 6 + (-9 - (-2 + -5)).
3
Calculate (-1 + -1 - -11) + (-3 - 1).
5
Calculate (2 - -1) + 1 - 4.
0
(-1 - (5 - (2 + 11))) + -4
3
What is the value of -6 - (6 - (-5 + 5) - 13)?
1
Evaluate (-1 - (3 - 4)) + 1 + 3.
4
26 - 23 - (2 - -4)
-3
(4 - (4 + 5 + -17)) + -7
5
What is 2 + (-3 - (3 - 2)) + 1?
-1
What is 2 + -18 - -4 - -6?
-6
Calculate -2 + 0 + 0 - (0 + -6).
4
8 + (-5 - 2) + (-2 - 0)
-1
Evaluate (-58 - -60) + -1 + -5.
-4
Evaluate (0 - 0) + -4 + 2.
-2
-5 + 5 + (6 - 2) + -2
2
What is the value of -5 - ((-5 - -1) + 1)?
-2
What is 3 - (-3 + 4) - 3?
-1
What is the value of -3 - (-1 + (1 - (4 + -2)))?
-1
What is 1 - (-10 - 1) - 8?
4
What is the value of -5 + (-2 - (2 + -18)) - 6?
3
What is the value of 2 - (5 - (5 - 1))?
1
What is the value of 13 + -12 + (-4 - -1) - 3?
-5
(4 - (3 - (2 + -4))) + 0
-1
-10 - (-7 + (13 - 8) + -6)
-2
-4 + (4 - (-9 - -5))
4
Evaluate (-7 - (-5 - -1)) + 6.
3
3 - ((11 - 3) + -1)
-4
Evaluate -5 + 11 - 18 - -7.
-5
Calculate -7 + (4 - (2 + -2)).
-3
Calculate 1 + -9 - (2 - (11 + -6)).
-5
Evaluate -14 - (-4 - 5) - (-4 - -2).
-3
Calculate (-2 - 1) + 3 + (9 - 4).
5
Calculate (5 + -1 - 2) + (1 - 8).
-5
What is 1 - -5 - (11 + -6)?
1
What is the value of -5 - (5 - (29 - 11))?
8
6 - 7 - (2 - (2 + -2))
-3
Calculate 11 - (-2 - -13) - (-2 + 0).
2
Calculate -6 + (3 + -3 - -2).
-4
Evaluate -1 + (-8 - -4 - (-7 - -2)).
0
Calculate (-4 - -14) + (-5 - 2).
3
What is the value of -5 + (10 + -20 - -9)?
-6
Calculate 1 - ((-3 - 1) + 5).
0
2 + 0 - 7 - -9
4
What is 6 - (1 - -8 - 6)?
3
What is 4 + -3 - (0 - (-1 + -3))?
-3
Evaluate 14 + -3 + (10 - 10).
11
What is the value of 8 + -3 + (-6 - -9) + -6?
2
Evaluate -18 + (0 + 15 - 7).
-10
(-3 - -3) + (-6 - 0) + 4
-2
Evaluate -1 + -6 + 11 + -7 - -5.
2
What is 11 - 13 - (-2 + 0 - -5)?
-5
10 - ((-4 - 2) + 12)
4
Calculate (-1 - 1) + 10 - (62 + -55).
1
Evaluate 2 - 5 - (5 - 9).
1
Evaluate 0 + 2 + -23 + 24.
3
What is (2 - (7 + -3)) + -7 - -5?
-4
Evaluate 6 - (12 - (2 - -2 - 5)).
-7
What is the value of -2 - 4 - (26 + -36)?
4
What is the value of -3 - -1 - (6 - 11)?
3
Evaluate -6 + (4 - 2) + 1.
-3
Evaluate 0 + -6 + (4 - -5) + -1.
2
Calculate -4 + (-1 - (-1 + -2) - 3).
-5
-2 + -4 + 1 + (45 - 40)
0
Evaluate -5 + 2 - 1 - 4.
-8
What is the value of 3 - (0 + -1) - (9 - 7)?
2
Calculate -2 + 0 - 0 - -1.
-1
Calculate 13 - 15 - (3 + -9).
4
Calculate 0 + 1 + -4 - (-20 - -17).
0
What is the value of 7 - (-3 + -3 - (-4 + -4))?
5
Calculate 9 - (7 + (-4 - -4) + -2).
4
Calculate (12 - 5 - (1 - -3)) + -6.
-3
Calculate (-10 - -5) + -2 - -4.
-3
What is 2 + 1 - (-2 - (-1 + -2))?
2
Calculate -2 + (-9 - -6 - -6).
1
Evaluate -4 - (-6 + 5) - (1 - 0).
-4
What is the value of -7 + 3 + 2 + 2 + -1?
-1
-54 - -59 - (1 + 4 - 1)
1
What is the value of (22 + -9 - 12) + 8?
9
Calculate 7 + (-2 - -1) + 8 + -10.
4
Calculate -2 - (-1 + -6 - 1).
6
8 - ((3 - -8 - 5) + -6)
8
What is (2 + 0 - 2) + (-3 - 2)?
-5
Calculate 1 + 0 + 1 + -3 + 1.
0
0 + (4 - 1) - (-28 - -33)
-2
Calculate 4 - (0 - -2 - (-3 + 3)).
2
What is the value of -1 + (0 - -3) + (-2 - 1)?
-1
12 - -1 - 4 - (4 + -4)
9
Evaluate 0 - ((2 - 1) + -8 + 6).
1
Evaluate -8 + 13 + (-8 - -3).
0
Calculate -6 + (-2 - (0 - 6)).
-2
7 + (2 - (14 - 14))
9
Calculate (-2 - (13 - 9)) + (1 - -8).
3
Evaluate -2 + -4 + -6 + 13 + -2.
-1
Evaluate (-1 - 0) + 0 - 0.
-1
Evaluate -7 - (1 + (-2 - 3)).
-3
-2 + 2 + (-2 - 2) + 1
-3
Evaluate 1 + -1 + -4 - (10 + -15).
1
13 + -7 + -7 - (0 + 1)
-2
-3 - (2 + (-7 - -2))
0
What is -2 - -3 - (-7 + 10 + -7)?
5
What is the value of -4 + (6 - (3 - (3 - 5)))?
-3
11 - (11 + (9 - 0))
-9
What is -3 + 7 + -5 - 1?
-2
(1 - (-1 + 6) - -5) + 2
3
-13 - 0 - (10 + -18)
-5
What is -6 + (8 + -6 - -9)?
5
What is the value of -5 + -2 + -3 + 10?
0
Evaluate 13 - (25 - (16 - 6)).
-2
What is -1 + 8 - (2 - -2) - 7?
-4
What is the value of (-6 + -6 - -6) + 3 - -11?
8
Evaluate -5 - (-2 + -7) - -1.
5
Evaluate 3 + 1 + (5 - 15 - -4).
-2
Calculate 5 - (-1 - -5 - 0).
1
What is -2 + 1 - (-12 + (-7 - -15))?
3
What is the value of -1 + (2 - (3 - (6 + -4)))?
0
Calculate -1 + 1 - (0 - -1).
-1
Calculate 5 + (-8 - -1) + -6.
-8
What is 0 - 10 - (2 - 5) - -2?
-5
Calculate (10 - (13 - 6)) + (-6 - 1).
-4
What is 3 + -3 + 0 - (21 - 28)?
7
Evaluate -6 + (0 - -1) + 4 + 7.
6
What is the value of 3 + 10 + -5 + (0 - 4)?
4
Calculate -1 - 2 - (-17 - (-6 - 3)).
5
-6 + 4 + 6 + -4
0
-2 + 1 + 8 - 10
-3
What is the value of 3 + 3 + -2 + (3 - 8)?
-1
Calculate (14 - 1) + (5 - 22) + 12.
8
7 - (-6 - -7) - (6 - 1)
1
Evaluate 4 + (2 + -2 - -4) + -10.
-2
Evaluate (3 - -1) + (5 - 6).
3
What is 7 - -4 - 7 - -1?
5
What is (-3 - ((8 - 4) + -9)) + -1?
1
Evaluate 5 - 2 - (2 - -2).
-1
Evaluate 0 + -4 + -10 + 6.
-8
-6 - -9 - (4 - (0 + 0))
-1
Calculate (-3 - (8 + -3)) + 3.
-5
Calculate -25 + 22 + (-3 - -15).
9
Evaluate -7 - (4 - 2) - 2.
-11
Calculate -2 - (-4 + 0 + -1 + 2).
1
What is the value of (3 - 3 - -2 - 1) + -3?
-2
-3 - (0 + -3) - -5
5
Calculate -4 - (-3 - -5) - 0.
-6
9 - (6 - 12) - 10
5
Calculate 4 - (5 - 3 - 2 - 4).
8
(1 - 1) + 2 - (-1 - -1)
2
Calculate ((2 - 4) + 5 - 0) + -1.
2
Evaluate (-13 - -5) + 1 - -3.
-4
1 - -3 - 3 - -1
2
What is the value of 4 - (4 - (11 - 17))?
-6
What is the value of 2 + (2 - (3 - 10)) + -3?
8
Calculate -8 - (-16 + 8) - (3 - 2).
-1
Evaluate -7 + (6 - (-5 + 8)) - -11.
7
What is 2 - (1 + -2 + 3) - 6?
-6
What is 1 + (15 - 12) + 3?
7
What is -3 + 2 - (-4 - 1) - 4?
0
What is 4 + 0 + (-5 - 4)?
-5
What is the value of (7 - (8 - 3)) + -2?
0
Evaluate (-13 - -10) + (2 - (10 + -3)).
-8
What is 5 + (2 - -1) + -3?
5
What is 5 + 3 + (1 - 4 - 0)?
5
What is the value of -16 + 1 + 16 + -7?
-6
Calculate -1 - (-3 + (0 - -4 - 5)).
3
Evaluate 3 - 0 - (-28 - -30).
1
Evaluate (0 - 1) + (-4 - (3 - 8)).
0
Evaluate 11 - (1 - 5 - -7).
8
What is the value of 3 - ((2 - -2) + -4 - -5)?
-2
Evaluate -2 + 4 + 2 + (3 - 2).
5
What is the value of 16 + (6 - 4) + -11?
7
What is the value of (0 - (1 + -6)) + (7 - 4)?
8
-2 - 1 - (5 - 5 - -2)
-5
What is 5 + (-3 - -13 - 8)?
7
Calculate 166 + -149 - (6 - -1).
10
What is 0 + -1 + -1 + (39 - 33)?
4
(-1 - -3) + (-2 - 2)
-2
(14 - 8) + (-5 - -1) + 6
8
-13 + 22 + (-17 - -2)
-6
What is (10 + -6 - 7) + 7 + -3?
1
What is -1 + 0 + 2 + -13 + 5?
-7
What is -3 + 0 - -2 - (-12 - -12)?
-1
Evaluate (11 - 5) + -4 + -3 + 2.
1
Evaluate (-6 - -4) + 1 - 1.
-2
What is the value of 3 + -8 + (2 - (2 + 0))?
-5
Evaluate -5 + 0 + 6 - (1 - 0).
0
What is the value of 2 -